5373
What is -270 (base 12) in base 11?
-309
Convert 230c (base 15) to base 8.
16415
What is 24360 (base 8) in base 14?
3b68
-15422 (base 6) to base 14
-cd0
5104 (base 7) to base 15
7cd
Convert -361604 (base 7) to base 8.
-177674
What is -10111011001 (base 2) in base 5?
-21442
What is 10168 (base 9) in base 7?
25355
69 (base 15) to base 7
201
Convert -42350 (base 7) to base 5.
-313342
-12432 (base 5) to base 9
-1322
1111111 (base 2) to base 13
9a
201120222 (base 3) to base 15
4372
What is 10952 (base 11) in base 14?
5a79
-852 (base 9) to base 7
-2012
Convert -3609 (base 16) to base 6.
-144013
-1010001111 (base 2) to base 9
-807
What is 11110011110101 (base 2) in base 6?
200125
Convert -10122111 (base 3) to base 9.
-3574
Convert 20a5 (base 12) to base 11.
2766
-2ed (base 15) to base 5
-10143
What is -5163 (base 9) in base 5?
-110113
12300 (base 7) to base 4
302202
-23213 (base 5) to base 9
-2270
Convert -604 (base 12) to base 14.
-460
Convert 4e2 (base 15) to base 11.
921
33124 (base 5) to base 11
17a1
-15b (base 14) to base 10
-277
What is 3203014 (base 5) in base 13?
1b481
Convert 3011 (base 6) to base 3.
220021
Convert 24624 (base 7) to base 2.
1100101010110
Convert 83 (base 11) to base 2.
1011011
What is 9c3 (base 16) in base 11?
1972
What is -2437 (base 14) in base 5?
-200241
What is -732 (base 10) in base 16?
-2dc
-1100123 (base 4) to base 15
-17d2
Convert -2320322 (base 4) to base 16.
-2e3a
What is 11333 (base 5) in base 7?
2313
-1266 (base 7) to base 13
-2b8
Convert -4213 (base 8) to base 4.
-202023
What is 1112303 (base 4) in base 5?
134210
2e75 (base 16) to base 14
4497
Convert -4356 (base 7) to base 4.
-120120
-6828 (base 12) to base 10
-11552
What is -21342 (base 5) in base 9?
-2015
What is -10111000010 (base 2) in base 14?
-774
Convert 373 (base 16) to base 4.
31303
Convert 106415 (base 8) to base 13.
13588
Convert 20d (base 16) to base 6.
2233
What is -3533 (base 7) in base 12?
-902
What is 1c79 (base 14) in base 3?
21010201
9cc (base 13) to base 5
23224
What is -35b3 (base 13) in base 12?
-447a
b93 (base 15) to base 3
10120210
288 (base 10) to base 9
350
Convert -271 (base 13) to base 3.
-120221
What is 10440 (base 5) in base 6?
3241
Convert 121212220 (base 3) to base 2.
11000000010101
Convert -100010101 (base 3) to base 16.
-19fc
13222120 (base 4) to base 10
31384
641 (base 9) to base 6
2231
What is 921 (base 11) in base 14?
596
4353 (base 10) to base 4
1010001
What is -312222 (base 4) in base 2?
-110110101010
Convert 24755 (base 8) to base 14.
3ca9
-251 (base 6) to base 4
-1213
7537 (base 8) to base 4
331133
Convert -1909 (base 12) to base 13.
-14c4
What is -1011111101101 (base 2) in base 4?
-1133231
What is 11111 (base 3) in base 12?
a1
What is 15c5 (base 14) in base 5?
111042
3b0 (base 12) to base 13
345
-231011 (base 4) to base 7
-11261
What is 6a39 (base 13) in base 4?
3221020
What is -1011100000001001 (base 2) in base 4?
-23200021
-38bd (base 14) to base 6
-114051
Convert -23403 (base 5) to base 15.
-7a3
5054 (base 9) to base 6
25034
1000000110110 (base 2) to base 4
1000312
What is 1343 (base 12) in base 8?
4243
Convert -122351 (base 6) to base 3.
-120000011
Convert 1210 (base 9) to base 8.
1604
What is -1340 (base 6) in base 11?
-297
Convert 458c (base 14) to base 4.
2330300
What is -3010 (base 13) in base 15?
-1e54
-5750 (base 8) to base 13
-1506
Convert -100120202 (base 3) to base 7.
-26240
Convert ab3 (base 12) to base 13.
942
What is 10011011010010 (base 2) in base 5?
304223
Convert -33211 (base 4) to base 8.
-1745
What is -111010 (base 3) in base 11?
-2a2
-1121124 (base 5) to base 14
-74c4
Convert 3a (base 11) to base 8.
53
Convert 83 (base 11) to base 6.
231
Convert 4c60 (base 13) to base 7.
43522
What is 76e (base 15) in base 4?
122033
Convert -19b (base 12) to base 3.
-100202
-1102111221 (base 3) to base 16
-6dae
What is -61337 (base 8) in base 16?
-62df
-531 (base 8) to base 5
-2340
What is -10686 (base 9) in base 15?
-21a0
-1ab5 (base 13) to base 2
-111111000011
What is 342434 (base 5) in base 2?
10111111010100
-af (base 16) to base 11
-14a
-173d (base 15) to base 9
-6774
-18 (base 9) to base 6
-25
Convert -13342 (base 6) to base 13.
-c3b
-43353 (base 6) to base 3
-22012020
Convert -21330033 (base 4) to base 13.
-156c3
Convert -143 (base 15) to base 11.
-242
What is 10054 (base 6) in base 12?
92a
2174 (base 10) to base 4
201332
What is 13225 (base 8) in base 12?
3419
-11212110 (base 3) to base 4
-313131
-2b73 (base 12) to base 8
-12007
What is -3d61 (base 15) in base 13?
-5c9b
Convert 305 (base 8) to base 16.
c5
Convert 11110011101 (base 2) to base 5.
30244
-1ad1 (base 15) to base 7
-22654
Convert -10001010 (base 4) to base 15.
-4d1c
Convert -121302 (base 4) to base 7.
-4545
1320 (base 7) to base 14
280
What is 20171 (base 8) in base 13?
3a26
-3325 (base 6) to base 15
-368
4aa2 (base 11) to base 7
25243
-22305 (base 6) to base 16
-c41
-265 (base 15) to base 14
-2ad
What is 425 (base 8) in base 7?
544
440 (base 12) to base 3
212010
What is -43 (base 9) in base 11?
-36
Convert -64 (base 12) to base 3.
-2211
-32010 (base 4) to base 12
-630
52015 (base 6) to base 8
15413
What is -411 (base 15) in base 14?
-496
-1011102 (base 3) to base 10
-848
What is -355 (base 11) in base 2?
-110100111
What is -1111100100010 (base 2) in base 6?
-100522
What is 101013 (base 5) in base 13?
1638
-9a (base 16) to base 3
-12201
-11000001 (base 2) to base 8
-301
What is -9b (base 15) in base 13?
-b3
Convert -4304 (base 11) to base 9.
-7723
3264 (base 10) to base 2
110011000000
-14368 (base 10) to base 9
-21634
What is 533 (base 16) in base 10?
1331
306 (base 7) to base 3
12200
What is -12012 (base 4) in base 14?
-1dc
What is -2211112 (base 3) in base 9?
-2745
Convert 44075 (base 8) to base 16.
483d
What is d7 (base 15) in base 9?
244
What is 621 (base 14) in base 16?
4b5
What is -1887 (base 11) in base 12?
-1476
Convert 3567 (base 9) to base 16.
a5d
Convert 8327 (base 9) to base 15.
1c1a
Convert 313215 (base 6) to base 13.
b705
Convert 100011101000 (base 2) to base 13.
1065
1245 (base 9) to base 10
932
What is 459 (base 11) in base 13?
332
54245 (base 6) to base 11
5659
-1051 (base 8) to base 2
-1000101001
Convert -11410 (base 8) to base 9.
-6613
122212 (base 3) to base 11
3a9
What is -3625 (base 7) in base 10?
-1342
Convert -1904 (base 12) to base 15.
-d6d
Convert 11422 (base 9) to base 10.
7634
1616 (base 7) to base 4
22022
Convert -3664 (base 7) to base 13.
-814
113203 (base 5) to base 12
2502
-540 (base 16) to base 5
-20334
Convert -1101002112 (base 3) to base 4.
-12212201
Convert -22566 (base 9) to base 10.
-15045
Convert 121351 (base 7) to base 16.
5677
Convert 100111100 (base 2) to base 3.
102201
Convert 1000120 (base 3) to base 9.
1016
What is 258 (base 13) in base 3?
120020
-4041 (base 7) to base 4
-111321
-1010010001001 (base 2) to base 15
-1857
Convert 33130102 (base 4) to base 11.
43580
What is b7 (base 16) in base 15?
c3
Convert -1094 (base 10) to base 4.
-101012
What is 11994 (base 11) in base 8?
41414
What is 40312 (base 6) in base 16?
14b4
Convert 3ac (base 16) to base 6.
4204
-1231021 (base 4) to base 16
-1b49
-12dd1 (base 15) to base 12
-2b014
What is 8819 (base 10) in base 15?
292e
What is -1221 (base 6) in base 13?
-1a2
What is 1000001110110 (base 2) in base 4?
1001312
1100100 (base 2) to base 15
6a
Convert 29111 (base 12) to base 10.
57181
What is -221120 (base 4) in base 10?
-2648
-42206 (base 7) to base 16
-289a
-327 (base 14) to base 16
-26f
-17312 (base 9) to base 8
-27216
Convert -701 (base 13) to base 8.
-2240
What is -b7e (base 16) in base 9?
-4028
Convert -51041 (base 6) to base 10.
-6721
What is 147ab (base 14) in base 3?
2120211202
Convert 342341 (base 5) to base 6.
132325
Convert 253530 (base 6) to base 13.
a54b
Convert -575 (base 9) to base 16.
-1d9
777 (base 8) to base 5
4021
What is 482 (base 11) in base 16?
23e
Convert 11413 (base 7) to base 14.
110a
Convert -1cc6 (base 16) to base 8.
-16306
Convert 211220 (base 3) to base 13.
387
-23e (base 15) to base 8
-775
What is 9498 (base 14) in base 11?
18276
What is -9807 (base 10) in base 11?
-7406
-14052 (base 6) to base 3
-10000012
7bc (base 15) to base 5
24002
Convert -33213 (base 4) to base 5.
-12444
What is 100110100000 (base 2) in base 3?
10101021